{"id":265,"date":"2023-02-16T18:54:30","date_gmt":"2023-02-16T21:54:30","guid":{"rendered":"https:\/\/casahermannmuller.com.br\/?page_id=265"},"modified":"2023-02-20T16:37:08","modified_gmt":"2023-02-20T19:37:08","slug":"o-berco-da-industrializacao","status":"publish","type":"page","link":"https:\/\/casahermannmuller.com.br\/index.php\/o-berco-da-industrializacao\/","title":{"rendered":"O Ber\u00e7o da Industrializa\u00e7\u00e3o"},"content":{"rendered":"<div class=\"wp-block-image\">\n<figure class=\"alignleft size-large is-resized\"><img loading=\"lazy\" decoding=\"async\" src=\"https:\/\/casahermannmuller.com.br\/wp-content\/uploads\/2023\/02\/ARVS0005-683x1024.jpg\" alt=\"\" class=\"wp-image-326\" width=\"343\" height=\"514\" srcset=\"https:\/\/casahermannmuller.com.br\/wp-content\/uploads\/2023\/02\/ARVS0005-683x1024.jpg 683w, https:\/\/casahermannmuller.com.br\/wp-content\/uploads\/2023\/02\/ARVS0005-200x300.jpg 200w, https:\/\/casahermannmuller.com.br\/wp-content\/uploads\/2023\/02\/ARVS0005-768x1152.jpg 768w, https:\/\/casahermannmuller.com.br\/wp-content\/uploads\/2023\/02\/ARVS0005.jpg 800w\" sizes=\"auto, (max-width: 343px) 100vw, 343px\" \/><figcaption class=\"wp-element-caption\"><em>O prefeito Chico Sardelli<\/em><\/figcaption><\/figure>\n<\/div>\n\n\n<p><strong>\u2018S\u00edmbolos do ber\u00e7o da nossa industrializa\u00e7\u00e3o\u2019, define Chico Sardelli<\/strong><\/p>\n\n\n\n<p>O prefeito de Americana, Chico Sardelli, tem a defesa do setor t\u00eaxtil em todo o seu hist\u00f3rico pol\u00edtico. Em 2007, quando assumiu uma cadeira de deputado estadual na Assembleia Legislativa de S\u00e3o Paulo, Chico prop\u00f4s e conseguiu a cria\u00e7\u00e3o da Frente Parlamentar em Defesa do Setor T\u00eaxtil e Confec\u00e7\u00e3o do Estado de S\u00e3o Paulo. Para Chico, a regi\u00e3o de Carioba representa a industrializa\u00e7\u00e3o que fez Americana se destacar no cen\u00e1rio nacional e, por toda essa representatividade, merece ser preservada.<\/p>\n\n\n\n<p><strong>Na sua vis\u00e3o, qual a import\u00e2ncia da Casa Hermann e da preserva\u00e7\u00e3o da regi\u00e3o de Carioba para Americana?<\/strong><br>A regi\u00e3o de Carioba e a Casa Hermann t\u00eam uma import\u00e2ncia hist\u00f3rica e cultural muito grande para nossa cidade. S\u00e3o s\u00edmbolos do ber\u00e7o da nossa industrializa\u00e7\u00e3o e que servem inclusive de inspira\u00e7\u00e3o. S\u00e3o patrim\u00f4nios valiosos para a nossa cultura e que precisam voltar a ser visitados para que essa mem\u00f3ria seja preservada.<\/p>\n\n\n\n<p><strong>O senhor tem alguma hist\u00f3ria pessoal com Carioba ou alguma passagem que envolva aquela regi\u00e3o e que te marcou?<\/strong><br>Pensar em Carioba me remete aos tempos de juventude, quando frequentava a regi\u00e3o para acompanhar competi\u00e7\u00f5es esportivas. N\u00f3s \u00edamos e volt\u00e1vamos a p\u00e9, em grupos de amigos, e ali pass\u00e1vamos momentos juntos aos finais de semana. Me recordo muito do t\u00fanel de bambus do caminho.<\/p>\n\n\n\n<p><strong>Voc\u00ea acha que esse tipo de projeto, realizado via Proac e outras leis de incentivo, s\u00e3o importantes para a preserva\u00e7\u00e3o hist\u00f3rica dos munic\u00edpios?<\/strong><br>Sem d\u00favida nenhuma. Quando espa\u00e7os hist\u00f3ricos como estes s\u00e3o restaurados e cuidados, estamos cuidando da nossa hist\u00f3ria, da mem\u00f3ria de um povo que tem a voca\u00e7\u00e3o para o trabalho e que construiu a cidade que temos hoje. Essa restaura\u00e7\u00e3o nos dar\u00e1 de volta um importante espa\u00e7o cultural, que com certeza ser\u00e1 palco de atividades importantes para a popula\u00e7\u00e3o.<\/p>\n\n\n\n<p><strong>Voc\u00ea considera que o apoio da iniciativa privada \u00e9 importante para a manuten\u00e7\u00e3o da cultura?<\/strong><br>Com certeza! Infelizmente, o Poder P\u00fablico, sobretudo o munic\u00edpio, muitas vezes n\u00e3o tem condi\u00e7\u00f5es de fazer investimentos em todas as \u00e1reas. Vivemos per\u00edodos dif\u00edceis, ent\u00e3o \u00e9 muito importante contar com o apoio de empresas que tamb\u00e9m constroem o dia a dia da cidade, gerando emprego e renda, e contribuindo com a preserva\u00e7\u00e3o de nossa mem\u00f3ria.<\/p>\n\n\n\n<p><strong>O que voc\u00ea diria aos empres\u00e1rios que se interessam por iniciativas como essa, mas ainda t\u00eam algum tipo de receio de direcionar parte de seus impostos para o apoio de projetos culturais via lei de incentivo?<\/strong><br>Diria que toda ajuda \u00e9 bem-vinda e, mais do que isso, necess\u00e1ria. As empresas que hoje contribuem com o desenvolvimento de Americana podem tamb\u00e9m fazer a diferen\u00e7a colaborando com o restauro de espa\u00e7os importantes como a Casa Hermann, que \u00e9 o ber\u00e7o da industrializa\u00e7\u00e3o que at\u00e9 hoje \u00e9 uma forte caracter\u00edstica de Americana. Por isso, deixo tamb\u00e9m uma mensagem de gratid\u00e3o a todas as empresas que j\u00e1 colaboraram ou que ir\u00e3o colaborar. A hist\u00f3ria de Americana agradece!<\/p>\n","protected":false},"excerpt":{"rendered":"<p>\u2018S\u00edmbolos do ber\u00e7o da nossa industrializa\u00e7\u00e3o\u2019, define Chico Sardelli O prefeito de Americana, Chico Sardelli, tem a defesa do setor t\u00eaxtil em todo o seu hist\u00f3rico pol\u00edtico. Em 2007, quando assumiu uma cadeira de deputado estadual na Assembleia Legislativa de S\u00e3o Paulo, Chico prop\u00f4s e conseguiu a cria\u00e7\u00e3o da Frente Parlamentar em Defesa do Setor &hellip; <\/p>\n<p class=\"link-more\"><a href=\"https:\/\/casahermannmuller.com.br\/index.php\/o-berco-da-industrializacao\/\" class=\"more-link\">Leia mais<span class=\"screen-reader-text\"> &#8220;O Ber\u00e7o da Industrializa\u00e7\u00e3o&#8221;<\/span><\/a><\/p>\n","protected":false},"author":1,"featured_media":0,"parent":0,"menu_order":0,"comment_status":"closed","ping_status":"closed","template":"","meta":{"footnotes":""},"class_list":["post-265","page","type-page","status-publish","hentry"],"_links":{"self":[{"href":"https:\/\/casahermannmuller.com.br\/index.php\/wp-json\/wp\/v2\/pages\/265","targetHints":{"allow":["GET"]}}],"collection":[{"href":"https:\/\/casahermannmuller.com.br\/index.php\/wp-json\/wp\/v2\/pages"}],"about":[{"href":"https:\/\/casahermannmuller.com.br\/index.php\/wp-json\/wp\/v2\/types\/page"}],"author":[{"embeddable":true,"href":"https:\/\/casahermannmuller.com.br\/index.php\/wp-json\/wp\/v2\/users\/1"}],"replies":[{"embeddable":true,"href":"https:\/\/casahermannmuller.com.br\/index.php\/wp-json\/wp\/v2\/comments?post=265"}],"version-history":[{"count":3,"href":"https:\/\/casahermannmuller.com.br\/index.php\/wp-json\/wp\/v2\/pages\/265\/revisions"}],"predecessor-version":[{"id":329,"href":"https:\/\/casahermannmuller.com.br\/index.php\/wp-json\/wp\/v2\/pages\/265\/revisions\/329"}],"wp:attachment":[{"href":"https:\/\/casahermannmuller.com.br\/index.php\/wp-json\/wp\/v2\/media?parent=265"}],"curies":[{"name":"wp","href":"https:\/\/api.w.org\/{rel}","templated":true}]}}