{"id":267,"date":"2023-02-16T18:55:26","date_gmt":"2023-02-16T21:55:26","guid":{"rendered":"https:\/\/casahermannmuller.com.br\/?page_id=267"},"modified":"2023-02-20T16:30:29","modified_gmt":"2023-02-20T19:30:29","slug":"preservar-a-memoria","status":"publish","type":"page","link":"https:\/\/casahermannmuller.com.br\/index.php\/preservar-a-memoria\/","title":{"rendered":"Preservar a Mem\u00f3ria"},"content":{"rendered":"<div class=\"wp-block-image\">\n<figure class=\"alignleft size-full is-resized\"><img loading=\"lazy\" decoding=\"async\" src=\"https:\/\/casahermannmuller.com.br\/wp-content\/uploads\/2023\/02\/Odir-Demarchi-3.jpg\" alt=\"\" class=\"wp-image-323\" width=\"410\" height=\"511\" srcset=\"https:\/\/casahermannmuller.com.br\/wp-content\/uploads\/2023\/02\/Odir-Demarchi-3.jpg 800w, https:\/\/casahermannmuller.com.br\/wp-content\/uploads\/2023\/02\/Odir-Demarchi-3-241x300.jpg 241w, https:\/\/casahermannmuller.com.br\/wp-content\/uploads\/2023\/02\/Odir-Demarchi-3-768x957.jpg 768w\" sizes=\"auto, (max-width: 410px) 100vw, 410px\" \/><figcaption class=\"wp-element-caption\">O vice-prefeito de Americana Odir Demarchi<\/figcaption><\/figure>\n<\/div>\n\n\n<p>Americana n\u00e3o \u00e9 a Princesa Tecel\u00e3 \u00e0 toa. A cidade, ainda jovem, se desenvolveu e ganhou destaque no in\u00edcio do s\u00e9culo por conta da produ\u00e7\u00e3o t\u00eaxtil. Esse processo, que come\u00e7ou com a Vila de Carioba, onde est\u00e1 a Casa Hermann Muller, ainda hoje \u00e9 motivo de orgulho para os filhos da terra.<\/p>\n\n\n\n<p>O atual vice-prefeito da cidade, Odir Demarchi, \u00e9 uma das pessoas que guardam na mem\u00f3ria as lembran\u00e7as dos tempos pujantes do bairro Carioba. \u201cEu morava no Cordenonsi e aos finais de semana o ponto de encontro do pessoal era certo. Todos se reuniam na Rua Carioba, pr\u00f3ximo ao Casar\u00e3o para conversar, paquerar, encontrar os amigos e socializar, era o point da galera\u201d, lembra.<\/p>\n\n\n\n<p>O desenvolvimento n\u00e3o ficava restrito \u00e0s f\u00e1bricas, mas a Vila Oper\u00e1ria era um centro comercial e de lazer. \u201cTodos que moravam ali perto faziam a despesa do m\u00eas na Venda do Melo, que era o local mais pr\u00f3ximo e muito frequentado. E na Rua Carioba, que recebeu o primeiro asfalto do Brasil, existia um t\u00fanel formado naturalmente pelo bambuzal, formando uma paisagem muito bonita\u201d, contou.<\/p>\n\n\n\n<p>Odir tamb\u00e9m defende a import\u00e2ncia de preservar essas mem\u00f3rias, registrando-as para que as futuras gera\u00e7\u00f5es possam tamb\u00e9m ter orgulho da cidade e de suas tradi\u00e7\u00f5es. \u201c\u00c9 muito importante esse passado ligado ao setor t\u00eaxtil e a regi\u00e3o de Carioba, com suas tecelagens e confec\u00e7\u00f5es, contribuiu muito para o crescimento de Americana. Inclusive recebemos o t\u00edtulo de Princesa Tecel\u00e3, e n\u00e3o foi \u00e0 toa. Por\u00e9m, temos a consci\u00eancia de que precisamos resgatar o poder t\u00eaxtil em sua totalidade e trazer mais progresso para a nossa cidade. E estamos trabalhando firme nesse prop\u00f3sito\u201d, afirmou.<\/p>\n\n\n\n<p>A EOS Engenharia est\u00e1 trabalhando no projeto de reforma da Casa Hermann exatamente para manter vivo e preservado esse patrim\u00f4nio hist\u00f3rico, que traz em suas paredes e em cada detalhe um pouco desse passado de gl\u00f3rias. Para o desenvolvimento do projeto e para a efetiva reforma da Casa Hermann Muller, que j\u00e1 foi tombada como patrim\u00f4nio hist\u00f3rico pelo Estado e pelo Munic\u00edpio, a empresa conta com o apoio da iniciativa privada, por meio das leis de incentivo.<\/p>\n\n\n\n<p>Odir, que \u00e9 empres\u00e1rio, destaca que a coopera\u00e7\u00e3o das empresas \u00e9 essencial para manter o investimento em cultura e preserva\u00e7\u00e3o hist\u00f3rica. \u201cComo sociedade, atualmente, n\u00e3o existe outra forma de chegarmos a algum objetivo sem essa coopera\u00e7\u00e3o p\u00fablica-privada. A colabora\u00e7\u00e3o nos permite alcan\u00e7ar o sucesso em muitas a\u00e7\u00f5es, que sozinhos demorar\u00edamos muito para atingir. E o retorno dessa parceria \u00e9 muito positivo para ambas as partes e ainda com o ganho certo que influencia diretamente no dia a dia, no bem-estar, na qualidade de vida e no desenvolvimento pessoal e econ\u00f4mico da popula\u00e7\u00e3o\u201d, finalizou.<\/p>\n","protected":false},"excerpt":{"rendered":"<p>Americana n\u00e3o \u00e9 a Princesa Tecel\u00e3 \u00e0 toa. A cidade, ainda jovem, se desenvolveu e ganhou destaque no in\u00edcio do s\u00e9culo por conta da produ\u00e7\u00e3o t\u00eaxtil. Esse processo, que come\u00e7ou com a Vila de Carioba, onde est\u00e1 a Casa Hermann Muller, ainda hoje \u00e9 motivo de orgulho para os filhos da terra. O atual vice-prefeito &hellip; <\/p>\n<p class=\"link-more\"><a href=\"https:\/\/casahermannmuller.com.br\/index.php\/preservar-a-memoria\/\" class=\"more-link\">Leia mais<span class=\"screen-reader-text\"> &#8220;Preservar a Mem\u00f3ria&#8221;<\/span><\/a><\/p>\n","protected":false},"author":1,"featured_media":0,"parent":0,"menu_order":0,"comment_status":"closed","ping_status":"closed","template":"","meta":{"footnotes":""},"class_list":["post-267","page","type-page","status-publish","hentry"],"_links":{"self":[{"href":"https:\/\/casahermannmuller.com.br\/index.php\/wp-json\/wp\/v2\/pages\/267","targetHints":{"allow":["GET"]}}],"collection":[{"href":"https:\/\/casahermannmuller.com.br\/index.php\/wp-json\/wp\/v2\/pages"}],"about":[{"href":"https:\/\/casahermannmuller.com.br\/index.php\/wp-json\/wp\/v2\/types\/page"}],"author":[{"embeddable":true,"href":"https:\/\/casahermannmuller.com.br\/index.php\/wp-json\/wp\/v2\/users\/1"}],"replies":[{"embeddable":true,"href":"https:\/\/casahermannmuller.com.br\/index.php\/wp-json\/wp\/v2\/comments?post=267"}],"version-history":[{"count":2,"href":"https:\/\/casahermannmuller.com.br\/index.php\/wp-json\/wp\/v2\/pages\/267\/revisions"}],"predecessor-version":[{"id":325,"href":"https:\/\/casahermannmuller.com.br\/index.php\/wp-json\/wp\/v2\/pages\/267\/revisions\/325"}],"wp:attachment":[{"href":"https:\/\/casahermannmuller.com.br\/index.php\/wp-json\/wp\/v2\/media?parent=267"}],"curies":[{"name":"wp","href":"https:\/\/api.w.org\/{rel}","templated":true}]}}